ulate the remainder when 2095 is divided by w(3).
71
Let y(x) = -192*x + 1802. Calculate the remainder when 806 is divided by y(8).
8
Let f(g) = g - 2. Let v(y) = 3*y - 15. Let b(x) = 2*f(x) - v(x). Suppose 69 = -0*n + 3*n. Calculate the remainder when n is divided by b(-1).
11
What is the remainder when (-102)/(-306) + 20868/9 is divided by 20?
19
Let r(t) = -t**2 - 7*t + 323. Calculate the remainder when 366 is divided by r(-21).
18
Let y = 6039 - 5886. Calculate the remainder when 317 is divided by y.
11
Suppose 5*v - j = -2*j + 144, 3*j + 72 = 3*v. Calculate the remainder when v is divided by (13 + -11)/4*(1 - -35).
10
Suppose -2*x + 6*x - 1436 = 0. Suppose 4*q = -5*y + 371, q - x = y - 6*y. Suppose -1114*j + 1100*j = -126. Calculate the remainder when y is divided by j.
8
Let y(l) = -308*l + 2519. Calculate the remainder when 1092 is divided by y(8).
47
Suppose -5*i - 196 = -12*i. Let f = -37 + 52. What is the remainder when i - (5 + (-5 - -1)) is divided by f?
12
Suppose 39882 = -7*t + 58*t. Let z = -456 + t. What is the remainder when z is divided by 41?
39
Suppose -3*f + 0*o + 5*o + 17 = 0, 0 = -4*f - o + 15. Suppose -f*c + 72 = -48. Calculate the remainder when c is divided by 15.
0
Suppose -v - 450 = 3*r, r - 9*v + 134 = -4*v. Let c be 2/9 + (7415/(-9))/(-5). Let f = c + r. Calculate the remainder when 61 is divided by f.
13
Let t = 10593 - 10562. Calculate the remainder when 110 is divided by t.
17
Suppose 2*i + 9*i = 5*r - 8750, 0 = 2*r - 4*i - 3502. What is the remainder when r is divided by 256?
225
Let l(m) = -72*m - 2874. What is the remainder when -82*(-3)/(-3 - -9) is divided by l(-40)?
5
Let p = 137461 - 137427. What is the remainder when (-1 - -6)*(-128)/(-5) is divided by p?
26
Let i = 42 + -30. Suppose -66*p + 64*p + 3*u = 0, -2*u = 5*p - 95. Calculate the remainder when p is divided by i.
3
Let c(y) = y**3 + 98*y**2 + 223*y + 778. Calculate the remainder when c(-95) is divided by 23.
21
Suppose -4*j + 9*j = -5. Let t(d) = d - 2. Let v be t(j). What is the remainder when 12 is divided by -1 + (-4 - v - -4)?
0
Let m(j) = 50*j - 6027. What is the remainder when 16351 is divided by m(122)?
72
Let h(j) = j**3 + 42*j**2 - 54*j - 420. What is the remainder when 4074 is divided by h(-43)?
46
Let x(k) = 21*k**2 - 270*k + 4764. Calculate the remainder when x(19) is divided by 2403.
6
Let q(u) = u**3 + 91*u**2 - u + 2177. Calculate the remainder when q(0) is divided by 217.
7
Suppose 0 = -4*j - 4*y + 128, 5*j = -0*y - 2*y + 163. Suppose 70 + 58 = 2*k. Calculate the remainder when k is divided by j.
31
What is the remainder when 914 is divided by ((-768)/6 - 10)/(10/(-4) + 1)?
86
Let l be -3 + 15/(2 - 3). Let k = l + 58. Let d = -6407 + 6566. Calculate the remainder when d is divided by k.
39
Let x = 410 + -351. Suppose 0 = x*w - 68*w + 1044. Suppose 0 = -5*h + 10 + 75. What is the remainder when w is divided by h?
14
Let j = 358 - 218. Suppose -4*v + m + 192 = 13, 3*v = -5*m + j. Calculate the remainder when v is divided by 1/(((-2)/(-32))/1).
13
Let w(q) = q**3 - 15*q**2 - 10*q + 588. What is the remainder when 3631 is divided by w(12)?
31
Let o = -13324 + 13482. Calculate the remainder when 177 is divided by o.
19
Suppose -3320 = -21*i + 11*i. Let c = -157 + i. What is the remainder when c is divided by 44?
43
Calculate the remainder when 967 is divided by ((-242)/(-198))/(1/9)*1.
10
Let x(a) = 4*a**2 + 4. Let t(u) = 38*u - 988. Calculate the remainder when t(30) is divided by x(-3).
32
Let i(y) = -60*y - 145. Let l be i(-4). Let v = l + -75. Calculate the remainder when 50 is divided by v.
10
Let s = 15165 + -13316. What is the remainder when s is divided by 14?
1
Let p = 74646 - 74396. Let a(x) = -x**3 - 5*x**2 - 2*x + 3. What is the remainder when p is divided by a(-6)?
46
Suppose -3*t - t + 16 = 0. Let i(v) = -50*v**3 - v**2 - v. What is the remainder when i(-1) is divided by (-12)/t + 4 + 16?
16
Suppose -25*a = -147*a + 2684. What is the remainder when 855 is divided by a?
19
Let j(n) = -34*n - 302. What is the remainder when 78 is divided by j(-9)?
2
Suppose 3*v = 32*v - 666 - 610. Suppose -15 = 2*j + t - 76, 5*t + 5 = 0. What is the remainder when v is divided by j?
13
Let k(j) = -2*j**3 - 8*j**2 - 8*j - 7. Let l(q) = 12*q - 37. Let f be l(4). Suppose 11 = p - f. Calculate the remainder when k(-5) is divided by p.
17
Let u = -5 - -21. Calculate the remainder when (136/(-12) - -1)*(-31 - -28) is divided by u.
15
Let u = 10480 - 10462. What is the remainder when (-3)/(9/(-6)) + 60 is divided by u?
8
Suppose -5136 = 317*d - 329*d. Let m = 43 + d. Calculate the remainder when m is divided by 95.
91
Let b = -134 + 152. Suppose -2*v = -o + 2*v + 155, 0 = -5*v. Let q = o - 89. What is the remainder when q is divided by b?
12
Suppose -4*y - 5*h + 586 = 0, y + 426 = 4*y - 3*h. Calculate the remainder when y is divided by 14.
4
Let f(y) = y**3 - 9*y**2 + 11*y + 6. Let l(n) = -n**3 - 147*n**2 + 297*n - 90. Calculate the remainder when l(-149) is divided by f(8).
29
Let k(h) = 2*h**2 - 3*h**2 - 5*h + 2 - 4*h**2 + 4*h**2. What is the remainder when 7 - (-5 + 6) - 0/(-1) is divided by k(-5)?
0
Let z(s) be the first derivative of -2*s**2 + 84*s + 160. Calculate the remainder when z(-12) is divided by 48.
36
Suppose -459*k + 461*k - 3652 = 0. Suppose 2*u - 13*u = -k. What is the remainder when u is divided by 59?
48
Calculate the remainder when ((-76)/24)/(-1)*36 is divided by (1/(6/(-34)))/((-2)/12).
12
Let g(h) = 7*h**2 - 28*h + 63. What is the remainder when 2347 is divided by g(5)?
93
Let p = 20 + -15. Suppose -p*z + 15 = 0, -3*z + 2*z = 2*f - 33. What is the remainder when 16/(f/(-10) - -2) is divided by 12?
8
Suppose q + 25 = 2*o, -2*o - 4*q = -o - 35. What is the remainder when o is divided by -5 + -21*1/(21/(-12))?
1
Suppose 4*i + 4*q = -0*q + 64, 3*i - 5*q = 56. Suppose 2*b + 4*s = 82, 3*b - 5*s + 28 = 184. Calculate the remainder when b is divided by i.
13
Let g(l) = -6*l - 32*l + 24*l**2 + 85*l - 26*l + 33. Calculate the remainder when g(-4) is divided by 16.
13
Suppose 5*j = 4*b - 96, -87*b + 89*b - 4*j - 48 = 0. Suppose -b*i - 132 = -27*i. Calculate the remainder when 82 is divided by i.
38
Let h(j) = 44*j + 6708. What is the remainder when h(-100) is divided by 22?
20
Suppose -234*d + 242*d - 152 = 0. Suppose 0 = 4*r - 42 - 6. Calculate the remainder when d is divided by r.
7
Suppose -9*f + 5*f + 44 = 0. Suppose -f*r + 125 = -161. Calculate the remainder when 337 is divided by r.
25
Let x(o) = 34*o - 869. What is the remainder when 188 is divided by x(27)?
41
Suppose 33*c - 20243 = -5205 + 11560. What is the remainder when 807 is divided by c?
1
Calculate the remainder when (-7 - (-28441)/51)*(-276)/(-16) is divided by 95.
94
Suppose 2*z + 7 = 3*t - 10, 3*t = 5*z + 11. Suppose -t = q - 10. Suppose 25 = 4*x - q*x - f, x = 2*f + 28. What is the remainder when x is divided by 12?
10
Let c(z) = 5*z + 17. Let n be c(5). Let d = 45 - n. Suppose 3*w = -d*v + 63, -3*w = -v - 0*v - 63. Calculate the remainder when w is divided by 4.
1
Suppose -6*l = -4 + 250. Let i = l + 51. Calculate the remainder when ((-904)/i)/(9/15 - 1) is divided by 38.
36
Let v(t) = t**2 - 21*t - 8. Let u be ((-12985)/(-20) - 0) + (-6)/(-8). Let c be 2/6 - u/(-30). Calculate the remainder when 83 is divided by v(c).
13
Suppose 2*l - 20 = 84. Let o(w) = -w**3 - 10*w**2 - 9*w + 2. Let m be o(-9). What is the remainder when l is divided by ((-2)/(-8) - (-1155)/132) + m?
8
Let k(f) = 3*f. Let j(d) = -d**2 - d. Let y(z) = -j(z) + k(z). Suppose -5*i = 25, -2*h + 3*h - 12 = i. What is the remainder when y(4) is divided by h?
4
Let m(w) = 0 + 2*w + 12 + 0*w + 3. What is the remainder when 342 is divided by m(17)?
48
Suppose 0 = 601*j - 600*j + 80. Let g = j + 103. Calculate the remainder when (-3)/(-6) - 342/(-4) is divided by g.
17
Let h be (0 + (-1)/3)/((-18)/270). Suppose 4*b - h*o - 139 = 0, -3*o = -5*b + 2*o + 180. What is the remainder when 119 is divided by b?
37
Let h be (-12)/2*(-28)/12. Suppose 0*m - h*m + 3794 = 0. What is the remainder when m is divided by 68?
67
Let z(c) = -c**2 + 18*c - 7. Let y be z(17). What is the remainder when (y - 5) + 263*1 is divided by 27?
25
Let d = 53 + 71. Suppose d = -q + 5*q. What is the remainder when 7/((-3648)/(-280